rmine r(d).
8
Let n(l) = 156*l**3 - 32*l - 155*l**3 + 30*l - 2 - 3*l**2. Suppose 3*t + 7 = 2*f - 5, -4*f + 10 = t. Calculate n(t).
-18
Let k(m) = m**3 - 9*m**2 - 2*m - 1. Suppose -3*l + 32 = -x, -4*l + 0*x - 3*x = -21. What is k(l)?
-19
Let n(b) be the third derivative of b**4/24 + b**3/6 - b**2. Suppose -757*p + 739*p = 36. Calculate n(p).
-1
Let f(q) be the first derivative of -6 - 1/4*q**4 + 19*q + 1/2*q**2 + 1/3*q**3. Calculate f(0).
19
Let o(v) = 2*v + 3. Suppose a - 11 + 33 = 2*h, 0 = -3*a + 5*h - 61. What is o(a)?
-21
Suppose 2*c = -2, -31*c = 4*h - 36*c - 21. Let q(n) = n**3 - 4*n**2 + 2*n - 4. Calculate q(h).
4
Let r(s) = s**3 - 11*s**2 + 21*s - 4. Suppose -6473 = -y - 6464. What is r(y)?
23
Let w(t) = t**2 - 7*t + 3. Suppose -8*g + g = -84. Let q be ((-15)/10 + 2)*g. Determine w(q).
-3
Let k(s) = -s**3 - 7*s**2 + 6*s - 11. Suppose -17 = -x - 5*r, 0*r = 2*r - 10. Give k(x).
5
Let c(n) be the second derivative of -n**5/10 - n**4/4 + n**3/6 + n**2 - 9*n - 2. Calculate c(-2).
4
Let h(y) = -y**2 + 5*y + 48. Let r be h(10). Let b(m) = 2*m + m - 5*m + 2. Let d(g) = 4*g - 5. Let l(x) = 5*b(x) + 2*d(x). What is l(r)?
4
Suppose 4 = -5*j - 11. Let h be 1/(-2) - (-13)/2. Let u be -1 - j/h*-10. Let v(o) = o**3 + 5*o**2 - 6*o + 4. Determine v(u).
4
Suppose -4*x - 40 = 2*m + m, 4*m = 0. Let k = 6 + x. Let q(t) be the third derivative of -t**5/60 - t**4/12 + 5*t**3/6 + 13*t**2. Calculate q(k).
-3
Let f(l) = -4*l**2 - l. Suppose -9*m + 4*m = -15. Let w be m*((-4)/12 - 0). Determine f(w).
-3
Let x be 43/(3/((-3)/(-1))). Let b = x - 42. Let h(z) = z**3 - z**2 - z. Let s(y) = -4*y**3 + 5*y**2 + 8*y - 1. Let l(g) = 6*h(g) + s(g). What is l(b)?
2
Suppose 18 = v + 16. Suppose -v*d + 4 + 25 = 5*p, 0 = -p + 5. Let i(f) = f**2 - f. Determine i(d).
2
Let b = -8 - -7. Let t(l) = 4*l - 8*l + 3*l + 11*l**2. Calculate t(b).
12
Suppose -19 - 2 = -4*h + u, -4*h = 3*u - 17. Let n(b) = b**3 - 5*b**2 + b + 3. What is n(h)?
8
Let a(p) = p**3 + 5*p**2 - 16*p - 23. Let t be a(-7). Let d(h) = h**3 + 10*h**2 + 9*h + 2. What is d(t)?
2
Suppose -6 = 10*b + 14. Let u(d) be the first derivative of -d**2 - d + 9. What is u(b)?
3
Let j(h) be the third derivative of -5*h**4/24 - 19*h**3/3 + 171*h**2. Calculate j(-10).
12
Let i = 2 - -3. Let s(d) = 6*d**3 + 30*d**2 - 31*d - 10. Let a(m) = -m**3 - 6*m**2 + 6*m + 2. Let n(v) = 11*a(v) + 2*s(v). What is n(i)?
-3
Let j(m) = 45*m + 1082. Let d be j(-24). Let s(b) = -2*b**3 + 3*b**2 - 2. Determine s(d).
-6
Let q(c) = -c**2 + c. Suppose -3*g = 3*r - 4*g - 5, 5*r + g = 11. Suppose 5*b + r = 12. Suppose 4*d + 26 = b*y, d + 11 = 5*y - 9. What is q(y)?
-6
Let k(a) = 4*a. Let u = -5 + 4. Let w be k(u). Let b(f) = -15*f - 9. Let p(i) = 8*i + 5. Let g(c) = -6*b(c) - 11*p(c). What is g(w)?
-9
Let b(w) be the first derivative of -w**2/2 + 4*w - 7. Let z be b(2). Let i(j) = -6*j - j**z - 4 - 5 + 3. Give i(-5).
-1
Let o(h) = -h - 7. Let t(p) = -4*p**3 - p**2 + 10*p - 9. Let c be t(1). What is o(c)?
-3
Let q(l) = l**3 + 12*l**2 + 12*l + 18. Let p be q(-11). Let m be (1 - -7) + p + -7. Let z(u) = -u**2 + 6*u + 10. Give z(m).
-6
Let h(v) be the first derivative of -5*v**4/6 - 32*v + 16. Let s(u) be the first derivative of h(u). Calculate s(1).
-10
Let n(i) = i**3 + 13*i**2 - 16*i - 14. Let c(r) = r**3 + 14*r**2 - 17*r - 15. Let q(f) = -3*c(f) + 4*n(f). Calculate q(-11).
11
Let x = -58 + 60. Let r(w) = -5*w**2 - w**x + 6*w**2 + w - 2 - w**2. Let k be 6/24 + (-18)/8. What is r(k)?
-8
Let o(d) be the second derivative of -d**5/20 + d**4/2 - d**3/6 - 3*d**2/2 - 278*d. Calculate o(6).
-9
Let l(z) = 18*z**2 + 3 - 56*z**2 + 10*z**2 + 2*z + 12*z**2 + 13*z**2. Give l(2).
-5
Suppose 4*u = -4*j + 60, 2*u = -u - 5*j + 53. Let x(h) = u + 6 + 4 - 22 - h. Give x(-5).
4
Let c(s) = -6*s**3 + 12*s**2 - s - 12. Let q(f) = -5*f**3 + 11*f**2 - f - 11. Let u(t) = -6*c(t) + 7*q(t). Let n be (-15)/(-20) - 1 - 38/8. What is u(n)?
0
Let c(z) = -z**3 - z**2 + 16*z + 4 - 2*z**2 - 12*z. Let t(w) = w - 10. Let j = -6 - -12. Let q be t(j). What is c(q)?
4
Let f = -288 - -288. Let c(u) = -u**3 + u + 8. Calculate c(f).
8
Let y(j) = j - 10. Let t = -9 - -11. Suppose 2*u = 7*u - 4*d - 33, 3*u + t*d = 11. Suppose -u*n = -n - 20. What is y(n)?
-5
Let m(y) be the third derivative of y**5/60 + y**4/12 - y**3/3 + 45*y**2. Give m(5).
33
Let i(b) = -b**2 + 12*b - 15. Suppose 13*a - 20*a + 84 = 0. Determine i(a).
-15
Let z(j) be the first derivative of -j**3/3 + 3*j**2/2 - 2*j - 63. Determine z(7).
-30
Let m(u) = -50*u - 545. Let t be m(-11). Let o(n) = n**3 - 5*n**2 - 5*n - 3. Give o(t).
-28
Let c(o) = 7*o - 3. Let r(q) = -4*q + 1. Let z(t) = 6*c(t) + 11*r(t). Let k be z(-6). Let w(b) = 2*b**3 - 3*b**2 + 5 - k*b - 5*b**3 + 4*b**3 - b. What is w(4)?
-3
Let a = 73/60 + -1/20. Let g(c) be the second derivative of -a*c**3 + 0 - 1/12*c**4 + 4*c**2 + 5*c. Calculate g(-7).
8
Let j be 5/(-1*(0 + 1)). Let x(s) = s**3 + 8*s**2 - 9*s + 4. Let p be x(-9). Let h(q) = 2*q - 2 - p - 3*q + 0. Give h(j).
-1
Let o(v) = 3 - 26*v - 27*v + 5*v**2 - 6*v**2 - 11 + 43*v. Calculate o(-8).
8
Suppose 4*a = -6 + 14. Suppose -4*z - l = -8, -3*z - 5*l + 4 = -z. Let k(i) = -i**2 + 9 + i**3 + 0*i**z - 3*i - 6. Calculate k(a).
1
Let y = 248 - 240. Let l(j) be the first derivative of y + j - 1/4*j**4 - 2/3*j**3 + 0*j**2. Determine l(-3).
10
Let z(a) = -a**2 - 9*a - 3. Let b = -909 + 899. Give z(b).
-13
Let q(t) = 2*t**2 + 1 + t**3 - t**3 - 2*t - t**3. Suppose -7*y + 0 = -21. Suppose -u - y*a + 7*a + 21 = 0, a = -5. Determine q(u).
0
Let k(r) = r**3 - 4*r**2 + 2*r + 2. Suppose -s = -14 + 8. Let n be (-3 - 3)*(-3)/s. What is k(n)?
-1
Let z(o) = 10 - o + 8 - 58 + 21. What is z(-10)?
-9
Let u(h) be the second derivative of -h**7/840 - h**6/60 + h**5/30 - h**4/12 + 9*h**3/2 - 17*h. Let k(p) be the second derivative of u(p). Give k(-7).
19
Let h(y) = y**3 - 9*y**2 + 8*y + 2. Let i be h(8). Suppose 6*c - 5*c = b + i, -5*b - 19 = 4*c. Let v(p) = -2*p**3 - p. What is v(c)?
3
Let q(d) be the third derivative of -d**4/12 + 31*d**3/6 + 8*d**2 - 10*d. What is q(16)?
-1
Let k(o) = o - 6. Let n = -3 - -9. Suppose -4*d - n = -2*l, -2*l = 4*d - 3 - 3. Suppose d = m - 6. What is k(m)?
0
Let p(c) = 42*c - 376. Let w be p(9). Let s(x) be the first derivative of w + 0*x**2 - 3*x + 2/3*x**3. What is s(3)?
15
Let y(j) be the first derivative of j**4/24 - j**3/6 - 7*j**2 - 2*j - 59. Let m(n) be the second derivative of y(n). Determine m(9).
8
Let f(j) = -j**3 - 3*j**2 + 5*j + 2. Let i be f(-4). Let z(w) = 41*w**2 - w + 0*w - 40*w**2 + w. What is z(i)?
4
Let u(l) = l**2 + 10*l + 2. Let m = -1044 - -1032. Give u(m).
26
Suppose -16*r + 432 = 38*r. Let j(d) = 3*d - 3. Determine j(r).
21
Suppose 2*t = -3*u + 57, -4*t = 5*u + 47 - 164. Suppose -29*q = -t*q - 24. Let y(z) = z**2 + 3*z - 5. Give y(q).
13
Let v be ((-48)/(-42))/((-11)/(-77)). Let z(r) = -3*r + 22. Determine z(v).
-2
Let d = -6623/24 - -276. Let f(s) be the third derivative of 0*s + d*s**4 + 0 + 1/3*s**3 - 2*s**2. Give f(4).
6
Let l(n) be the third derivative of -5*n**4/24 + n**3/3 - n**2. Let a = 495 + -493. Determine l(a).
-8
Suppose -15*h - 5*u + 33 = -17*h, -29 = h - 5*u. Let x(r) = r**3 + 4*r**2 + 12. Give x(h).
12
Let z be 0 + (1 + 2)*1. Let u be 3/(-21)*0 - -2. Let o(p) = z - p**u - 1 + 0*p**2 + 4*p. What is o(4)?
2
Let x(i) = 4*i**2 - 4*i + 2. Let f be ((-228)/18 + 14)/((-4)/(-6)). Calculate x(f).
10
Let w = 21 + -19. Suppose -2*j + 4*j = -k + w, 4*k - 5*j = 8. Let u(t) = -t - t - 9*t**k + 5*t - 9 - 2*t + t**3. Calculate u(9).
0
Let r(s) = -10*s + 0 + 6 + 8*s + 8*s. Calculate r(-3).
-12
Let b be ((-2)/(-3))/(2/9). Suppose 5*q = -b - 12. Let l(c) be the second derivative of c**5/10 + c**4/4 - 5*c**3/6 - c**2 + 8*c. Calculate l(q).
-14
Let w(n) = -1 + 29*n + 2 - 2 - 28*n. Determine w(3).
2
Suppose 5*u - s = -17 - 1, 0 = -2*s - 4. Let d(j) = 3*j + j**3 - 8 + 5*j**2 + 8. Determine d(u).
4
Suppose -6*k = -k - 20. Let u(s) = -24*s**2 + 1 + 7*s**2 + k*s + 8*s**2 + 8*s**2. What is u(2)?
5
Let y(s) = 4*s - 41. Let u be y(9). Let t(h) = -h**3 - 6*h**2 - 5*h + 8. Determine t(u).
8
Let x = 113 + -97. Suppose -2*v + x = -4*t - 0*t, 3*t = -3*v + 15. Let o(n) = -n**3 + 7*n**2 - 6*n - 1. Calculate o(v).
-1
Suppose -4*t + 9*t + 25 = 4*r, 0 = 5*t + 5. Let l(n) be the second derivative of 0 + 5/2*n*